{"id":21716,"date":"2023-05-04T16:20:19","date_gmt":"2023-05-04T16:20:19","guid":{"rendered":"http:\/\/sgdigitalservices.com\/dev\/docteur-phone-care\/?post_type=product&#038;p=21716"},"modified":"2023-05-04T18:06:39","modified_gmt":"2023-05-04T18:06:39","slug":"samsung-galaxy-s22-debloque","status":"publish","type":"product","link":"https:\/\/sgdigitalservices.com\/dev\/docteur-phone-care\/product\/samsung-galaxy-s22-debloque\/","title":{"rendered":"Samsung &#8211; Galaxy S22 d\u00e9bloqu\u00e9"},"content":{"rendered":"<ul class=\"carac-list\">\n<li class=\"carac clearfix \"><span class=\"carac-name\">Marque<\/span><span class=\"carac-value\">Samsung<\/span><\/li>\n<li class=\"carac clearfix \"><span class=\"carac-name\">Couleur<\/span><span class=\"carac-value\">Noir<\/span><\/li>\n<li class=\"carac clearfix \"><span class=\"carac-name\">Capacit\u00e9 de mobiles (en Go)<\/span><span class=\"carac-value\">256 Go<\/span><\/li>\n<li class=\"carac clearfix \"><span class=\"carac-name\">Taille de l&#8217;\u00e9cran<\/span><span class=\"carac-value\">0 &#8221;<\/span><\/li>\n<li class=\"carac clearfix \"><span class=\"carac-name\">Syst\u00e8me d&#8217;exploitation<\/span><span class=\"carac-value\">Android OS<\/span><\/li>\n<li class=\"carac clearfix \"><span class=\"carac-name\">R\u00e9solution (en pixels)<\/span><span class=\"carac-value\">2340 X 1080px<\/span><\/li>\n<li class=\"carac clearfix \"><span class=\"carac-name\">Hauteur (mm)<\/span><span class=\"carac-value\">&#8211;<\/span><\/li>\n<li class=\"carac clearfix \"><span class=\"carac-name\">Largeur (mm)<\/span><span class=\"carac-value\">&#8211;<\/span><\/li>\n<li class=\"carac clearfix \"><span class=\"carac-name\">Profondeur (mm)<\/span><span class=\"carac-value\">&#8211;<\/span><\/li>\n<li class=\"carac clearfix \"><span class=\"carac-name\">Indice de r\u00e9parabilit\u00e9<\/span><span class=\"carac-value\">8.2<\/span><\/li>\n<li class=\"carac clearfix \"><span class=\"carac-name\">R\u00e9seau 5G<\/span><span class=\"carac-value\">Oui<\/span><\/li>\n<li class=\"carac clearfix \"><span class=\"carac-name\">R\u00e9seau 4G<\/span><span class=\"carac-value\">Oui<\/span><\/li>\n<li class=\"carac clearfix \"><span class=\"carac-name\">R\u00e9seau 3G<\/span><span class=\"carac-value\">Oui<\/span><\/li>\n<li class=\"carac clearfix \"><span class=\"carac-name\">Bluetooth<\/span><span class=\"carac-value\">5.2<\/span><\/li>\n<li class=\"carac clearfix \"><span class=\"carac-name\">DAS Corps (W\/kg)<\/span><span class=\"carac-value\">1.59 W\/kg<\/span><\/li>\n<li class=\"carac clearfix \"><span class=\"carac-name\">DAS Membre (W\/kg)<\/span><span class=\"carac-value\">2.71 W\/kg<\/span><\/li>\n<li class=\"carac clearfix \"><span class=\"carac-name\">DAS Tete (W\/kg)<\/span><span class=\"carac-value\">1.21 W\/kg<\/span><\/li>\n<li class=\"carac clearfix \"><span class=\"carac-name\">D\u00e9tails Photo<\/span><span class=\"carac-value\">Auto focus<\/span><\/li>\n<li class=\"carac clearfix \"><span class=\"carac-name\">Appareil photo principal<\/span><span class=\"carac-value\">&#8211;<\/span><\/li>\n<li class=\"carac clearfix \"><span class=\"carac-name\">Selfie<\/span><span class=\"carac-value\">Oui<\/span><\/li>\n<li class=\"carac clearfix \"><span class=\"carac-name\">Cam\u00e9ra principale (en MP)<\/span><span class=\"carac-value\">&#8211;<\/span><\/li>\n<li class=\"carac clearfix \"><span class=\"carac-name\">Cam\u00e9ra Selfie (en MP)<\/span><span class=\"carac-value\">&#8211;<\/span><\/li>\n<li class=\"carac clearfix \"><span class=\"carac-name\">D\u00e9tails vid\u00e9o<\/span><span class=\"carac-value\">2160p,4320p<\/span><\/li>\n<li class=\"carac clearfix \"><span class=\"carac-name\">Vid\u00e9o Principale<\/span><span class=\"carac-value\">7680 x 4320 pixels<\/span><\/li>\n<li class=\"carac clearfix \"><span class=\"carac-name\">Vid\u00e9o &#8211; Selfie<\/span><span class=\"carac-value\">&#8211;<\/span><\/li>\n<li class=\"carac clearfix \"><span class=\"carac-name\">Autonomie audio (en heures)<\/span><span class=\"carac-value\">&#8211;<\/span><\/li>\n<li class=\"carac clearfix \"><span class=\"carac-name\">Autonomie vid\u00e9o (en heures)<\/span><span class=\"carac-value\">&#8211;<\/span><\/li>\n<li class=\"carac clearfix \"><span class=\"carac-name\">Compas ID<\/span><span class=\"carac-value\">&#8211;<\/span><\/li>\n<li class=\"carac clearfix \"><span class=\"carac-name\">Heart ID<\/span><span class=\"carac-value\">Non<\/span><\/li>\n<li class=\"carac clearfix \"><span class=\"carac-name\">Iris ID<\/span><span class=\"carac-value\">Non<\/span><\/li>\n<li class=\"carac clearfix \"><span class=\"carac-name\">Ecran tactile<\/span><span class=\"carac-value\">Oui<\/span><\/li>\n<li class=\"carac clearfix \"><span class=\"carac-name\">Fingerprint ID<\/span><span class=\"carac-value\">Oui<\/span><\/li>\n<li class=\"carac clearfix \"><span class=\"carac-name\">Gyroscope<\/span><span class=\"carac-value\">Oui<\/span><\/li>\n<li class=\"carac clearfix \"><span class=\"carac-name\">Capteur de proximit\u00e9<\/span><span class=\"carac-value\">Oui<\/span><\/li>\n<li class=\"carac clearfix \"><span class=\"carac-name\">Marque du processeur<\/span><span class=\"carac-value\">&#8211;<\/span><\/li>\n<li class=\"carac clearfix \"><span class=\"carac-name\">Type de cartes SIM<\/span><span class=\"carac-value\">Nano SIM<\/span><\/li>\n<li class=\"carac clearfix \"><span class=\"carac-name\">Dual SIM<\/span><span class=\"carac-value\">Oui<\/span><\/li>\n<li class=\"carac clearfix \"><span class=\"carac-name\">Prise Jack<\/span><span class=\"carac-value\">Oui<\/span><\/li>\n<li class=\"carac clearfix \"><span class=\"carac-name\">Type Jack<\/span><span class=\"carac-value\">&#8211;<\/span><\/li>\n<li class=\"carac clearfix \"><span class=\"carac-name\">Pliable<\/span><span class=\"carac-value\">Non<\/span><\/li>\n<li class=\"carac clearfix \"><span class=\"carac-name\">RAM (Go)<\/span><span class=\"carac-value\">8 Go<\/span><\/li>\n<li class=\"carac clearfix \"><span class=\"carac-name\">Type de RAM<\/span><span class=\"carac-value\">&#8211;<\/span><\/li>\n<li class=\"carac clearfix \"><span class=\"carac-name\">Etanch\u00e9it\u00e9<\/span><span class=\"carac-value\">Oui<\/span><\/li>\n<li class=\"carac clearfix \"><span class=\"carac-name\">Etanch\u00e9it\u00e9 Index de protection<\/span><span class=\"carac-value\">IP68<\/span><\/li>\n<li class=\"carac clearfix \"><span class=\"carac-name\">Type de batterie<\/span><span class=\"carac-value\">Lithium-Ion (Li-Ion)<\/span><\/li>\n<li class=\"carac clearfix \"><span class=\"carac-name\">Batterie amovible<\/span><span class=\"carac-value\">Non<\/span><\/li>\n<li class=\"carac clearfix \"><span class=\"carac-name\">Altim\u00e8tre<\/span><span class=\"carac-value\">&#8211;<\/span><\/li>\n<li class=\"carac clearfix \"><span class=\"carac-name\">Wifi<\/span><span class=\"carac-value\">Oui<\/span><\/li>\n<li class=\"carac clearfix \"><span class=\"carac-name\">Poids<\/span><span class=\"carac-value\">167 g<\/span><\/li>\n<li class=\"carac clearfix \"><span class=\"carac-name\">Ann\u00e9e<\/span><span class=\"carac-value\">&#8211;<\/span><\/li>\n<li class=\"carac clearfix \"><span class=\"carac-name\">Inclus dans la boite<\/span><span class=\"carac-value\">Guide de d\u00e9marrage rapide, Broche d&#8217;\u00e9jection, Carte de garantie, C\u00e2bles inclus : USB Type-C<\/span><\/li>\n<\/ul>\n","protected":false},"excerpt":{"rendered":"<div class=\"item-infos-key pointer\">A propos de ce produit<\/div>\n<div class=\"item-infos-detail\">\n<ul class=\"item_params\">\n<li><span class=\"item_paramName\">Marque<\/span><span class=\"item_paramValue\"><a class=\"underline\" title=\"Samsung\" href=\"https:\/\/www.pixmania.com\/fr\/fr\/nos-marques\/samsung.html\">Samsung<\/a><\/span><\/li>\n<li><span class=\"item_paramName\">Couleur<\/span><span class=\"item_paramValue\">Noir<\/span><\/li>\n<li><span class=\"item_paramName\">Capacit\u00e9 de mobiles (en Go)<\/span><span class=\"item_paramValue\">256 Go<\/span><\/li>\n<li><span class=\"item_paramName\">Syst\u00e8me d&#8217;exploitation<\/span><span class=\"item_paramValue\">Android OS<\/span><\/li>\n<li><span class=\"item_paramName\">Taille de l&#8217;\u00e9cran<\/span><span class=\"item_paramValue\">0 &#8221;<\/span><\/li>\n<li><span class=\"item_paramName\">R\u00e9seau 5G<\/span><span class=\"item_paramValue\">Oui<\/span><\/li>\n<\/ul>\n<\/div>\n","protected":false},"featured_media":21721,"comment_status":"open","ping_status":"closed","template":"","meta":[],"product_cat":[117,206,236,237],"product_tag":[],"class_list":["post-21716","product","type-product","status-publish","has-post-thumbnail","hentry","product_brand-samsung","product_cat-mobile-tablet","product_cat-samsung","product_cat-galaxy-s","product_cat-galaxy-s22"],"acf":[],"_links":{"self":[{"href":"https:\/\/sgdigitalservices.com\/dev\/docteur-phone-care\/wp-json\/wp\/v2\/product\/21716","targetHints":{"allow":["GET"]}}],"collection":[{"href":"https:\/\/sgdigitalservices.com\/dev\/docteur-phone-care\/wp-json\/wp\/v2\/product"}],"about":[{"href":"https:\/\/sgdigitalservices.com\/dev\/docteur-phone-care\/wp-json\/wp\/v2\/types\/product"}],"replies":[{"embeddable":true,"href":"https:\/\/sgdigitalservices.com\/dev\/docteur-phone-care\/wp-json\/wp\/v2\/comments?post=21716"}],"wp:featuredmedia":[{"embeddable":true,"href":"https:\/\/sgdigitalservices.com\/dev\/docteur-phone-care\/wp-json\/wp\/v2\/media\/21721"}],"wp:attachment":[{"href":"https:\/\/sgdigitalservices.com\/dev\/docteur-phone-care\/wp-json\/wp\/v2\/media?parent=21716"}],"wp:term":[{"taxonomy":"product_cat","embeddable":true,"href":"https:\/\/sgdigitalservices.com\/dev\/docteur-phone-care\/wp-json\/wp\/v2\/product_cat?post=21716"},{"taxonomy":"product_tag","embeddable":true,"href":"https:\/\/sgdigitalservices.com\/dev\/docteur-phone-care\/wp-json\/wp\/v2\/product_tag?post=21716"}],"curies":[{"name":"wp","href":"https:\/\/api.w.org\/{rel}","templated":true}]}}