{"id":3,"date":"2022-12-07T13:11:09","date_gmt":"2022-12-07T13:11:09","guid":{"rendered":"http:\/\/sgdigitalservices.com\/dev\/peter-james-association\/?page_id=3"},"modified":"2023-09-16T15:17:14","modified_gmt":"2023-09-16T15:17:14","slug":"peters-privacy-policy","status":"publish","type":"page","link":"https:\/\/sgdigitalservices.com\/dev\/peter-james-association\/peters-privacy-policy\/","title":{"rendered":"Peter&#8217;s Privacy Policy"},"content":{"rendered":"\n<h2 class=\"wp-block-heading\"><strong>Introduction<\/strong><\/h2>\n\n\n\n<p>The Peter James Association (Association) having its Registered Address at: \u00dasteck\u00e1 3053, Kro\u010dehlavy, 272 01 Kladno, Czech Republic respect your privacy and are committed to protecting it by complying with this privacy policy (\u201cPolicy\u201d). Safeguarding the data entrusted to our care by our members, program participants, donors and others is of the utmost importance to us.<\/p>\n\n\n\n<p>This Policy describes our practices for collecting, using, protecting, disclosing, and disposing of personal data. It also describes the types of data that we may collect from you or that you may provide to us when you:<\/p>\n\n\n\n<ul>\n<li>Visit our website www.peterjamesassociation.com (\u201cWebsite\u201d)<\/li>\n\n\n\n<li>Join or maintain membership of the Association<\/li>\n<\/ul>\n\n\n\n<ul>\n<li>Interact with the Association or the Peter James Foundation, Kenya (\u201cFoundation\u201d) or any partner organizations<\/li>\n<\/ul>\n\n\n\n<ul>\n<li>Register for or attend events we host<\/li>\n\n\n\n<li>Use our services<\/li>\n<\/ul>\n\n\n\n<ul>\n<li>Donate or purchase goods via our website<\/li>\n<\/ul>\n\n\n\n<ul>\n<li>Participate in our programs<\/li>\n<\/ul>\n\n\n\n<p>If you are a resident of the European Union (EU) or European Economic Area (EEA) and we collect your personal data, we will process your data in accordance with applicable laws that regulate data protection and privacy. This includes, without limitation, the EU General Data Protection Regulation (2016\/679; \u201cGDPR\u201d) and EU member state national laws that implement or regulate the collection, processing, and privacy of your personal data (together, \u201cEU Data Protection Law\u201d). This Policy provides information on your legal rights under EU Data Protection Law and how you can exercise them.<\/p>\n\n\n\n<h2 class=\"wp-block-heading\"><strong>Data We Collect About You and How We Collect It<\/strong><\/h2>\n\n\n\n<p>We collect several types of personal data that we need for our communication and cooperation, including information by which you could be personally identified, such as your name, postal address, email address, telephone number, gender, bank details, or other sensitive information that might identify you (\u201cpersonal data\u201d).<\/p>\n\n\n\n<p><strong>We collect data from the following groups of people:<\/strong><\/p>\n\n\n\n<ul>\n<li>Users of our Website<\/li>\n\n\n\n<li>Members of the Association or the Foundation, Kenya<\/li>\n<\/ul>\n\n\n\n<ul>\n<li>Volunteers that work with us or support our activities<\/li>\n<\/ul>\n\n\n\n<ul>\n<li>People who participate in Association or Foundation programmes, events, seminars, training or other activities<\/li>\n<\/ul>\n\n\n\n<ul>\n<li>Donors who participate in charitable activities or make financial donations<\/li>\n<\/ul>\n\n\n\n<ul>\n<li>People who purchase goods from our e-shop or other sales activities<\/li>\n<\/ul>\n\n\n\n<p><strong>We collect this data:<\/strong><\/p>\n\n\n\n<ul>\n<li>Directly from you when you provide it to us either by using the Website, our Facebook page \u201cPeter James Association\u201d or when you communicate with us by email, messaging app or in any other way<\/li>\n<\/ul>\n\n\n\n<ul>\n<li>From the Foundation and partner organizations<\/li>\n<\/ul>\n\n\n\n<p>Because of the international nature of the Association, we may hold and process personal data that is collected from you or partner organizations around the world, including within the EU and EEA and Africa.<\/p>\n\n\n\n<p>This also means that if you are a resident of the EU or EEA, your personal data may be transferred from the EU or EEA to the computer servers where our website and Facebook pages are hosted, which may be outside the EU or EEA<\/p>\n\n\n\n<h2 class=\"wp-block-heading\"><strong>Data You Provide to Us<\/strong><\/h2>\n\n\n\n<p>We collect personal data you provide when you interact with our Website or with us directly, including any interaction offline or in person, such as when you:<\/p>\n\n\n\n<ul>\n<li>Contact this Association to make an inquiry, including an inquiry about activities aand programmes<\/li>\n<\/ul>\n\n\n\n<ul>\n<li>Sign up for our newsletter or request other information<\/li>\n<\/ul>\n\n\n\n<ul>\n<li>Register on our Website or Facebook page<\/li>\n<\/ul>\n\n\n\n<ul>\n<li>Use services on our Website, including:<\/li>\n\n\n\n<li>Donating to the Foundation\u2019s charitable initiatives<\/li>\n<\/ul>\n\n\n\n<ul>\n<li>Make an online donation using any 3<sup>rd<\/sup> party portal where we have presented our activities<\/li>\n\n\n\n<li>Register for Association or Foundation events<\/li>\n<\/ul>\n\n\n\n<ul>\n<li>Provide personal data on paper forms<\/li>\n<\/ul>\n\n\n\n<ul>\n<li>Provide personal data in emails<\/li>\n<\/ul>\n\n\n\n<ul>\n<li>Submit applications for programs such as scholarships or to request assistance<\/li>\n<\/ul>\n\n\n\n<h2 class=\"wp-block-heading\"><strong>Usage Details, IP Addresses, Cookies, and Other Technologies<\/strong><\/h2>\n\n\n\n<p>As you interact with our Website, we may automatically collect data about your equipment and your browsing actions and patterns using cookies.<\/p>\n\n\n\n<h2 class=\"wp-block-heading\"><strong>How We Use Your Personal Data<\/strong><\/h2>\n\n\n\n<p>We use the personal data about you that we collect or that you provide to us to:<\/p>\n\n\n\n<ul>\n<li>Present our Website and its content to you in the most suitable way<\/li>\n<\/ul>\n\n\n\n<ul>\n<li>Perform our core charitable purposes, including:<\/li>\n<\/ul>\n\n\n\n<ul>\n<li>To raise awareness, provide information and practical help to parents and caregivers of children living with neurodiverse conditions<\/li>\n<\/ul>\n\n\n\n<ul>\n<li>Raising funds to support our programmes and activities o Processing financial transactions<\/li>\n<\/ul>\n\n\n\n<p>o Supporting fundraising for individuals in need o Facilitating event planning and execution<\/p>\n\n\n\n<p>o Communicating key information, news and messages through our communications activities including with digital media<\/p>\n\n\n\n<p>o Supporting the programs and aims of the Association and the Foundation o Complying with legal requirements<\/p>\n\n\n\n<h2 class=\"wp-block-heading\"><strong>Lawful Grounds on Which We Collect and Process Personal Data<\/strong><\/h2>\n\n\n\n<p>We process your personal data for the above purposes, relying on one or more of the following lawful grounds under EU Data Protection Law:<\/p>\n\n\n\n<ul>\n<li>When you have freely provided your specific, informed, and unambiguous consent for our Association or Foundation to process your personal data for particular purposes<\/li>\n<\/ul>\n\n\n\n<ul>\n<li>When we agree to provide services to you, in order to set up and perform our contractual obligations to you and\/or enforce our rights<\/li>\n<\/ul>\n\n\n\n<ul>\n<li>When we need to process and use your personal data in connection with our legitimate interests and need to be able to effectively manage and operate<\/li>\n<\/ul>\n\n\n\n<p>our functions, we will always seek to pursue these legitimate interests in a way that does not unduly infringe on your legal rights and freedoms and, in particular, your right to privacy; and\/or<\/p>\n\n\n\n<ul>\n<li>When we need to comply with a legal obligation or for the purpose of us being able to establish, exercise, or defend legal claims<\/li>\n<\/ul>\n\n\n\n<p>Please also note that some of the personal data that we receive and that we process may include what is known as \u201csensitive\u201d or \u201cspecial category\u201d personal data about you, for example, personal data regarding your health. This is not the type of data that the Association routinely collects, but if we process such sensitive or special category data, we will do it only in specific situations in which:<\/p>\n\n\n\n<ul>\n<li>You have provided us with your explicit consent to use it<\/li>\n<\/ul>\n\n\n\n<ul>\n<li>We have a legal obligation to process such data in accordance with EU Data Protection Law<\/li>\n<\/ul>\n\n\n\n<ul>\n<li>It is needed to protect your vital interests (or those of someone else), for example, in a medical emergency<\/li>\n<\/ul>\n\n\n\n<ul>\n<li>You have clearly chosen to publicize such information; or<\/li>\n<\/ul>\n\n\n\n<ul>\n<li>It is needed in connection with a legal claim that we have or may be subject to<\/li>\n<\/ul>\n\n\n\n<h2 class=\"wp-block-heading\"><strong>Disclosure of Your Personal Data<\/strong><\/h2>\n\n\n\n<p>We may disclose aggregated data about our users, or data that cannot be used to identify any individual, without restriction.<\/p>\n\n\n\n<p>We may disclose the personal data that we collect or that you provide as described in this<\/p>\n\n\n\n<p>Policy to:<\/p>\n\n\n\n<ul>\n<li>The Foundation or other partner organisations<\/li>\n<\/ul>\n\n\n\n<ul>\n<li>We may also disclose your personal data:<\/li>\n<\/ul>\n\n\n\n<ul>\n<li>To comply with a court order, law, or legal process, or respond to a government or regulatory request<\/li>\n<\/ul>\n\n\n\n<ul>\n<li>If we believe disclosure is necessary or appropriate to protect the rights, property, or safety of members, participants the Association\u2019s programs and events<\/li>\n<\/ul>\n\n\n\n<p>We may disclose your personal data to certain third-party organizations that will process data solely in accordance with our instructions (\u201cdata processors\u201d), such as companies and\/or organizations that support our business and operations (for example, providers of web or database hosting, IT support, payment providers, or event organizers), as well as professionals we hire such as lawyers, insurers, auditors, or accountants. We use only Data Processors that can guarantee to us that they have adequate safeguards to protect the personal data they process on our behalf.<\/p>\n\n\n\n<p>In certain circumstances, we may also disclose your personal data to third parties called \u201cData Controllers.\u201d Due to the nature of the business of the Data Controllers, they will make their own determinations about how they process your personal data. As Data Controllers, they are required to follow the EU Data Protection Law, to protect personal data with adequate safeguards, and to notify you if their processing goes beyond the instructions the Association provided to the Data Controller.<\/p>\n\n\n\n<h2 class=\"wp-block-heading\"><a><\/a><strong>How Long We Retain Your Personal Data<\/strong><\/h2>\n\n\n\n<p>The Association retains personal data that identifies you as long as necessary according to needs \u2014 for example, as long as you are a member, user, donor or participant in our activities or have a relationship with the Association or the Foundation.<\/p>\n\n\n\n<h2 class=\"wp-block-heading\"><strong>Disposing of Your Personal Data<\/strong><\/h2>\n\n\n\n<p>Personal data that we no longer need will be disposed of and\/or anonymized so you can no longer be identified from it.<\/p>\n\n\n\n<h2 class=\"wp-block-heading\"><strong>Choices About How We Use and Disclose Your Personal Data<\/strong><\/h2>\n\n\n\n<p>Ways have been created for you to control the use and disclosure of your data. For tracking technologies and advertising: You can set your browser to refuse all or some cookies or to alert you when cookies are being sent. If you disable or refuse cookies, note that some parts of the Website may be inaccessible to you or may not function properly.<\/p>\n\n\n\n<h2 class=\"wp-block-heading\"><strong>Your Personal Data Rights<\/strong><\/h2>\n\n\n\n<p>You have a \u201csubject access request\u201d right, under which you can request information about the personal data about you that we hold, what we use that personal data for, whom it may be disclosed to, and certain other information.<\/p>\n\n\n\n<p><strong>You may request in writing:<\/strong><\/p>\n\n\n\n<ul>\n<li>That we correct personal data that we hold about you that is inaccurate or incomplete<\/li>\n<\/ul>\n\n\n\n<ul>\n<li>That we erase your personal data without undue delay if we no longer need to hold or process it<\/li>\n<\/ul>\n\n\n\n<ul>\n<li>To object to our use of your personal data for direct marketing<\/li>\n<\/ul>\n\n\n\n<ul>\n<li>To object and\/or to restrict the use of your personal data to a purpose other than those set out above unless we have a compelling, legitimate reason; or<\/li>\n<\/ul>\n\n\n\n<p>So that we can fully comply, please note that these requests may also be forwarded to third-party Data Processors that are involved in the processing of your personal data on our behalf.<\/p>\n\n\n\n<p>If you would like to exercise any of the rights above, please contact us at <a href=\"mailto:peter@peterjamesassociation.com\">peter@peterjamesassociation.com<\/a><\/p>\n\n\n\n<p>If you make a request and are not satisfied with our response, or if you believe that we are illegally processing your personal data, you have the right to complain to:<\/p>\n\n\n\n<p>The Office for Personal Data Protection<\/p>\n\n\n\n<p>Pplk. Sochora 27<\/p>\n\n\n\n<p>170 00 Praha 7<\/p>\n\n\n\n<p>Czech Republic<\/p>\n\n\n\n<p>Website: https:\/\/www.uoou.cz<\/p>\n\n\n\n<p>Phone information: +420 234 665 800<\/p>\n\n\n\n<p>Phone switchboard: +420 234 665 111<\/p>\n\n\n\n<h2 class=\"wp-block-heading\"><strong>Children Under the Age of 16<\/strong><\/h2>\n\n\n\n<p>Our Website is not intended for children under 16 years of age. We do not knowingly collect personal data from children under 16 without parental consent. No one under age 16 may provide any personal data through our Website. If you are under 16, do not: use or provide any personal data on our Website or on or through any of its features, register on our Website, make any purchases through our Website, use any of the interactive or public comment features of our Website, or provide to us any personal data about yourself, including your name, address, telephone number, email address, or any screen name or<\/p>\n\n\n\n<p>user name. If we learn that we have collected or received personal data from a child under 16 without verification of parental consent, we will delete that personal data. If you believe we might have any personal data from or about a child under 16, please contact us at <a href=\"mailto:peter@peterjamesassociation.com\">peter@peterjamesassociation.com<\/a><\/p>\n\n\n\n<h2 class=\"wp-block-heading\"><strong>Data Security<\/strong><\/h2>\n\n\n\n<p>We hold data securely in the Website\u2019s administration system. Where data is held on other devices then such devices will be password protected.<\/p>\n\n\n\n<h2 class=\"wp-block-heading\"><strong>Changes to Our Privacy Policy<\/strong><\/h2>\n\n\n\n<p>The Association may change, add, or remove portions of this Policy at any time. These modifications shall take effect immediately on being posted on this page. The date the Policy was last revised is noted at the bottom of the page. It is your responsibility to review this Policy for any changes.<\/p>\n\n\n\n<h2 class=\"wp-block-heading\"><strong>Contact Information<\/strong><\/h2>\n\n\n\n<p>If you have any questions about our Association\u2019s privacy protection practices, please contact us: <a href=\"mailto:peter@peterjamesassociation.com\">peter@peterjamesassociation.com<\/a><\/p>\n\n\n\n<p><\/p>\n","protected":false},"excerpt":{"rendered":"<p>Introduction The Peter James Association (Association) having its Registered Address at: \u00dasteck\u00e1 3053, Kro\u010dehlavy, 272 01 Kladno, Czech Republic respect your privacy and are committed to protecting it by complying with this privacy policy (\u201cPolicy\u201d). Safeguarding the data entrusted to our care by our members, program participants, donors and others is of the utmost importance &hellip; <\/p>\n<p class=\"link-more\"><a href=\"https:\/\/sgdigitalservices.com\/dev\/peter-james-association\/peters-privacy-policy\/\" class=\"more-link\">Continue reading<span class=\"screen-reader-text\"> &#8220;Peter&#8217;s Privacy Policy&#8221;<\/span><\/a><\/p>\n","protected":false},"author":1,"featured_media":0,"parent":0,"menu_order":0,"comment_status":"closed","ping_status":"closed","template":"","meta":{"footnotes":""},"acf":[],"_links":{"self":[{"href":"https:\/\/sgdigitalservices.com\/dev\/peter-james-association\/wp-json\/wp\/v2\/pages\/3"}],"collection":[{"href":"https:\/\/sgdigitalservices.com\/dev\/peter-james-association\/wp-json\/wp\/v2\/pages"}],"about":[{"href":"https:\/\/sgdigitalservices.com\/dev\/peter-james-association\/wp-json\/wp\/v2\/types\/page"}],"author":[{"embeddable":true,"href":"https:\/\/sgdigitalservices.com\/dev\/peter-james-association\/wp-json\/wp\/v2\/users\/1"}],"replies":[{"embeddable":true,"href":"https:\/\/sgdigitalservices.com\/dev\/peter-james-association\/wp-json\/wp\/v2\/comments?post=3"}],"version-history":[{"count":4,"href":"https:\/\/sgdigitalservices.com\/dev\/peter-james-association\/wp-json\/wp\/v2\/pages\/3\/revisions"}],"predecessor-version":[{"id":270,"href":"https:\/\/sgdigitalservices.com\/dev\/peter-james-association\/wp-json\/wp\/v2\/pages\/3\/revisions\/270"}],"wp:attachment":[{"href":"https:\/\/sgdigitalservices.com\/dev\/peter-james-association\/wp-json\/wp\/v2\/media?parent=3"}],"curies":[{"name":"wp","href":"https:\/\/api.w.org\/{rel}","templated":true}]}}